he prime factors of l?
2, 61
Suppose l = 3*x - 104830, -416*x = -418*x - 2*l + 69908. List the prime factors of x.
2, 101, 173
Let v be (2*(-4)/8)/((-2)/1508). Let a = 1426 - v. Suppose a = 3*q + 5*q. What are the prime factors of q?
2, 3, 7
Let c = -84 - -160. Suppose 0 = -77*t + c*t + 9. Suppose t*m + 194 = 10*m. List the prime factors of m.
2, 97
Let w(b) = 4707*b**2 + 114*b - 212. List the prime factors of w(2).
2, 7, 673
Let x(h) = 15*h - 5. Let l be x(-6). Let i = -160 + 122. Let f = i - l. What are the prime factors of f?
3, 19
Let a(m) = m**3 + 8*m - 21. Let o be a(6). Suppose 4*l = -o + 4031. What are the prime factors of l?
947
Let j = -3912 + 34922. What are the prime factors of j?
2, 5, 7, 443
Suppose 13*v + 4572 = -5*v. Let q = v - -755. What are the prime factors of q?
3, 167
Let m be (-2)/22 - 2160/(-165). Let l = 967 - 535. Suppose 120 = -m*r + l. What are the prime factors of r?
2, 3
Let m(v) = -100*v**3 - v**2 + v + 1. Let x be m(-1). Suppose 51*l + 722 = 7607. Suppose 2*y - l = x. What are the prime factors of y?
3, 13
What are the prime factors of 52*(-2*471/(-4) + -6)?
2, 3, 13, 17
Suppose 3*k - 28 = 4*x, -3*x - 26 = k - 18. List the prime factors of (5 - 94/x)/((-1)/(-6)).
3, 19
Let p be (1 - 3) + (-4 - -28). Let y be -4*(-2)/16*p. Let u = 88 - y. List the prime factors of u.
7, 11
Let s = 204460 + -145091. List the prime factors of s.
59369
Let h(o) = 16*o**2 - o. Let g(u) = 4*u - 30. Suppose k + 0*d + 3*d = -4, -d - 4 = 0. Let l be g(k). List the prime factors of h(l).
2, 31
Let i(c) = -c**2 + 19*c**2 - 7*c - 20*c + 40*c + c**3 + 14. What are the prime factors of i(-17)?
2, 41
Suppose 3*b = -33*b + 35208. List the prime factors of b.
2, 3, 163
Suppose 24 - 3 = 3*p. Let k(b) = -b**3 + 14*b**2 - 32*b. List the prime factors of k(p).
7, 17
Suppose 4*z = 5*c + 23887, -2*c = -16*z + 17*z - 5988. Suppose -5*i + z = -11*q + 7*q, 2*i - 2384 = 4*q. List the prime factors of i.
2, 599
List the prime factors of 8413515/460 - (14/(-8) - -1).
3, 7, 13, 67
Suppose -3*h + 127 = -5*j, -3*j + 0*j = -4*h + 85. Let t(f) = -f**2 - 38*f + 44. What are the prime factors of t(j)?
389
Let j be 604/28 + 1 - (-20)/(-35). Suppose t + 4*c = -6, -3*t + 0*c = 2*c - j. List the prime factors of t.
2, 5
Let z = -73 - -84. Suppose -z*f - 219 = -725. What are the prime factors of f?
2, 23
Suppose -39*t + 43*t - 32 = 0. Let l(c) = -c**3 + 2*c**2 + 51*c + 9. List the prime factors of l(t).
3, 11
List the prime factors of -6 - (8 + 840/(-18))/(6/1629).
2, 43, 61
Let g(c) = c**3 + 57*c**2 - 2*c + 49569. What are the prime factors of g(0)?
3, 13, 31, 41
Let u be -4 - (38 + (-4)/2). Let g = u - -33. Let a = g - -62. List the prime factors of a.
5, 11
Suppose 22*x - 17*x = -2*d + 12, 2*x + 12 = 2*d. Suppose -3118 = -5*m - k, -d = -k - 8. List the prime factors of m.
2, 3, 13
Let d(c) be the third derivative of c**6/120 - c**5/12 + 7*c**4/24 - c**3/2 + c**2. Let z be (2 - 0 - 0) + (5 - 2). List the prime factors of d(z).
2
Let i = 10613 - 3796. List the prime factors of i.
17, 401
Suppose 4*u + 50 = -5*x - 0*u, 0 = 2*x - 5*u + 53. What are the prime factors of (-2 - 2) + 132 + x?
2, 3, 19
Let b(i) = i**2 - 8*i + 4. Let w be b(-6). Suppose -w = -12*c + 380. List the prime factors of c.
3, 13
Suppose -28*g + 32*g - 86430 = -39*g. List the prime factors of g.
2, 3, 5, 67
Suppose -5*x + 3924 = -194*u + 198*u, -3141 = -4*x - 5*u. What are the prime factors of x?
2, 7
Let r = -229 - -241. Suppose -16*a + r*a = -1564. List the prime factors of a.
17, 23
Let k(f) = f**2 - 2*f + 94. Let c be k(-53). Let w = -2144 + c. List the prime factors of w.
5, 173
Let w be (608/57)/(2/(-9)). Let d = -43 - w. Suppose 6 = 3*h, 47 + 39 = c + d*h. What are the prime factors of c?
2, 19
Let y = -242 - -144. Let r = y + 102. Suppose 0 = m + 4*i - 195, 7*m - 3*i = r*m + 540. What are the prime factors of m?
3, 61
Let h(x) = 3*x - 19. Let u be h(9). Let g(r) = -2*r**2 + 3*r + 5. Let q(w) = 4*w**2 - 6*w - 10. Let t(s) = 5*g(s) + 3*q(s). What are the prime factors of t(u)?
3, 11
Suppose 118*p + 72*p = -38*p + 2536272. What are the prime factors of p?
2, 3, 103
Let u = 5 - 10. Let y = 180 + u. Suppose -3*t + 2*t + y = 0. List the prime factors of t.
5, 7
Let c = 3221 - 1701. Suppose 7*a + a = c. Suppose f - 60 - a = 0. What are the prime factors of f?
2, 5
Suppose -2*u + 336996 = -1646*v + 1650*v, 4*v - 337010 = 5*u. What are the prime factors of v?
2, 5, 337
What are the prime factors of (1952/(-10))/((-70)/6475)?
2, 37, 61
Suppose 0 = -22*k + 17*k - 5*f + 39885, 0 = k + 2*f - 7979. What are the prime factors of k?
5, 11, 29
Let n(v) = -9*v**2 + 10*v - 8. Let w be n(3). Let f be 16/(-12)*(-15)/2. List the prime factors of (2/f*w + 3)*-5.
2, 11
Suppose -p + 5*p - 3*m = 17, -4*p + 19 = -m. List the prime factors of 22276/20 - (0 - 1/p).
2, 557
Suppose -255990 = -1798*d + 1763*d. What are the prime factors of d?
2, 3, 23, 53
Let y = 16697 - 8233. What are the prime factors of y?
2, 23
Let a = -3491 + 8185. What are the prime factors of a?
2, 2347
Let z be (-2)/(-6) + (-580)/3. Suppose 0 = -5*a + 41 - 16, 2*j + 4*a = -58. Let l = j - z. What are the prime factors of l?
2, 7, 11
Let h(q) = q**2 - 3*q + 5. Let f = 31 + -27. Let w be h(f). List the prime factors of w/(45/10) + (1 - -81).
2, 3, 7
Let l = -16819 + 25436. Suppose -124 = 19*t - l. List the prime factors of t.
3, 149
List the prime factors of (-2 - -159)/((-184)/(-37536)).
2, 3, 17, 157
Let w(b) = b + 19. Let l be w(-16). Suppose 0 = 7*c - l*c + 2*o - 660, 5*c = 4*o + 812. Let s = c - 37. List the prime factors of s.
127
Let d be -1 - 10/(-12) - (-209)/66. Let o(p) = -p - 4 + 7*p + p**2 - d*p + p. List the prime factors of o(-12).
2, 23
Let v = -82954 + 162949. What are the prime factors of v?
3, 5, 5333
Let w(y) = 4*y**2 + 28*y - 11. Let l be w(-6). List the prime factors of l/(-168)*6*4.
5
Let s(m) = 34*m**2 + 15*m - 9. Suppose 0 = -0*g + g + o - 1, 5*o = 5*g - 35. Let j be s(g). Suppose 9*u = 4*u + j. List the prime factors of u.
7, 17
Let r(w) = -w**2 - 35*w - 131. Let h be r(-22). Let n = h - -523. What are the prime factors of n?
2, 3, 113
Let z = 56 + 3. Suppose 6*w - 209 = -z. Let u = w - 3. List the prime factors of u.
2, 11
Suppose -23 - 49 = -12*j. Suppose -4*b + 1010 = 4*l - j*b, 5*l - 1255 = -5*b. List the prime factors of l.
2, 3, 7
Suppose -9*p + 8*p + 4*o = -7, -4*p - 2*o - 8 = 0. What are the prime factors of (-4)/(-6) - ((-7228)/12 + p)?
2, 151
Let v = -355 + 378. Let d(a) = 12*a - 118. What are the prime factors of d(v)?
2, 79
Let p(y) = -y**2 - 8*y + 29. Let v be p(-9). List the prime factors of v/(11 + -1)*289*1.
2, 17
Let g(p) = -6*p**2 + 17*p. Let s be g(3). List the prime factors of (-1)/(4 + s)*-1 + 629.
2, 3, 5, 7
Suppose -26*m + 44182 = -24*m - 2*k, -3*m - k = -66305. What are the prime factors of m?
7, 11, 41
Suppose -4 = -4*i + 2*i. Let v be ((-20)/24 + (-1)/i)*-3. Suppose -10*l + v*l + 828 = 0. What are the prime factors of l?
2, 3, 23
Let u be (31 - 1)/((-6)/(-4)). What are the prime factors of 1084/u - 8/40?
2, 3
Let n = 58642 + -34331. List the prime factors of n.
7, 23, 151
Let m(w) = -w**3 + 27*w**2 + 29*w - 26. Let j be m(28). What are the prime factors of (j/6)/((-4)/(-48)) - -506?
2, 3, 5, 17
Let t(q) = -q**3 + 5*q**2 + 17*q + 2. Let g be t(8). Let m = g + 57. Suppose 76 - 304 = -m*n. What are the prime factors of n?
2, 19
Let m(c) = 24*c - 9. Let z be (19 - -3)*1*(-3)/6. Let g = 14 + z. What are the prime factors of m(g)?
3, 7
List the prime factors of (-10)/(-5)*42498/12.
3, 787
Let c(k) be the second derivative of -17*k**4/12 + 5*k**3/3 - 15*k**2 + 18*k. Let a(b) be the first derivative of c(b). List the prime factors of a(-5).
2, 3, 5
Let w be 2 - 6 - ((-10)/5 - -123). List the prime factors of (-64 + -1)/(w/150).
2, 3, 13
Suppose 0 = 49*k - 53*k + 52. Suppose -22*y + 27580 = k*y. What are the prime factors of y?
2, 197
Let u(x) be the second derivative of -x**5/20 + x**4/3 - 29*x**3/6 - 51*x**2/2 - 154*x. What are the prime factors of u(-10)?
11, 149
Let b(d) = -1400*d**2 - 1. Let g be b(1). Let r = g + 2514. What are the prime factors of r?
3, 7, 53
Let o be (95/20 - 4)/((-1)/20). Let m = 11 + o. What are the prime factors of (m + 11)/((-3)/(-15))?
5, 7
Suppose -5*g + 2530 = -i, 2*g + 0*